me number?
True
Let c be -5 + (-84)/(-15) + (-6597)/(-5). Let t = c - -149. Is t prime?
False
Suppose 4268 = 6*y - 2*y. Suppose 26680 = 3*g - y. Is ((-2)/8)/(-3 - g/(-3084)) prime?
True
Let v(z) = -38672*z - 613. Is v(-1) a prime number?
False
Let w = 212 + -209. Suppose 2*k + 2*r = r + 7729, w*k = -2*r + 11595. Is k a composite number?
False
Suppose -2*p + 2733 = -3*f, p - 4*p - 3*f = -4062. Suppose 31*y = 22*y + p. Let b = 1390 + y. Is b a prime number?
False
Suppose 5*s + 2*g - 4 = -3, -3*g = 6. Let v(p) = 8*p - 19. Let c(f) = -1. Let l(x) = s*v(x) + 4*c(x). Is l(7) composite?
True
Is (-2)/(-9) + ((-218732930)/(-450) - (-156)/(-65)) composite?
False
Suppose -71*a + 30*a = 20172. Let g(r) = 3402*r**2 - 1. Let i be g(1). Let z = a + i. Is z a prime number?
True
Suppose 32*u = 33*u. Suppose u = 5*m - 5*w + 47 + 83, 0 = m + 5*w + 32. Let x = -18 - m. Is x prime?
False
Let h = 3292 - 46. Suppose -4*v + 770 = -h. Suppose r + f = 245, -f + v = 4*r - 3*f. Is r a prime number?
False
Let l = -19 + 16. Let z be l - 2/(4/(-10)). Suppose 0*s - 56 = -3*s + 2*g, -z*g + 32 = s. Is s a composite number?
True
Let r(u) = 12*u - 46. Let w be r(9). Is (4/6)/(w/438123) a prime number?
False
Let k = 242 - 239. Suppose 2*f + 3*t - 24896 = 0, 5*t - k*t = 4*f - 49808. Is f prime?
True
Suppose 6*g + 48 = 2*g. Let n = g + 11. Is (1 - n)/(4/3946) prime?
True
Suppose -24 + 0 = 12*i. Let h(r) = 2*r**2 + 3*r - 3. Let p be h(i). Is -1*(p/(-6) + (-1130)/12) a composite number?
True
Suppose 6*i - 2*d = 3*d + 241324, -4 = 2*d. Is i a prime number?
False
Suppose 4*c + 2149 = t - 10501, -4*t + 50600 = 4*c. Let d = t + -7149. Is d prime?
True
Suppose 24 = 5*u - 76. Suppose -u*i - 24597 + 91457 = 0. Is i a composite number?
False
Let v = 482 + 308. Suppose 0 = -2*h - 8*h + v. Is h prime?
True
Suppose -28*u + 25*u = -68745. Suppose 0 = 2*m - 0*m, -5*f - 2*m = -u. Is f prime?
True
Is (-163631205)/(-164) - (-12)/(-24)*(-1)/(-2) prime?
True
Suppose 10*q - 8 = 14*q, -5*q = -5*o + 3800. Suppose -14*j + 40 = -o. Is j composite?
True
Is -1 + 198 - (-6)/(-33)*33 a prime number?
True
Let f = 70 - 70. Let a be 4/(-16) + (f - 7250/(-8)). Is (-1*34)/((-12)/a) + 4 a composite number?
True
Let l = 21 - 21. Let m be l/((-3 + 4)*-3). Suppose m = -k - 2*t + 365, 0 = 4*t - t + 9. Is k prime?
False
Suppose -w = 4*w - 830. Suppose 0 = -553*v + 535*v + 2970. Let d = w + v. Is d a prime number?
True
Let l(w) = 2*w - 1. Let u be l(2). Suppose -u*c - 18 = 9. Is (-4776)/16*30/c a composite number?
True
Let u(x) = x + 15. Let f be u(-11). Suppose f*k - 9*k = 25. Is 1/k - 2230/(-25) composite?
False
Suppose -y + b + 113244 = -355703, 2*b = -2*y + 937918. Is y prime?
True
Suppose 0 = 1166*p - 1165*p - s - 26870, 3*s + 3 = 0. Is p a composite number?
True
Let z(n) = -n**2 - 2*n - 1. Let d(h) = -9*h**2 - 3*h - 29. Let o(u) = -d(u) + 3*z(u). Is o(3) a prime number?
True
Let g(a) = -4 + 9 - 16 + 119*a - 13. Suppose 0 = 3*q + 4*d - 35, -4*q - 3*d + 9 + 26 = 0. Is g(q) composite?
False
Suppose 4*q + 4*m = 12, 3*q - 3*m = m + 9. Let u be q/(-18) - 2/(-12). Suppose c = -b + 64, 5*b + u*c = -c + 300. Is b composite?
False
Is (35 + -883)/((-2)/439) + 13 composite?
False
Let h = 392 + -387. Suppose 3*k - 4*n - 352 + 27 = 0, -h*k = -4*n - 531. Is k a prime number?
True
Is (-4821572)/10*(1952/64 + -33) composite?
True
Is -2 + 500778/11 + 567/(-2079) a composite number?
False
Suppose -16*p + 585640 = 4*a, -3*p + 12*a + 109779 = 8*a. Is p a prime number?
False
Let k(a) = 6*a**3 + 4*a**2 - 3*a + 7. Let b be k(4). Suppose -9*d + 3233 = b. Let q = d + -63. Is q prime?
False
Let g(b) = 12*b**2 - 13*b - 18. Let c be (1 + 1 - (-1 + 4))*-7. Is g(c) prime?
True
Suppose -v = 2*r - 211168, -5*r + 148*v = 152*v - 527923. Is r a composite number?
True
Let w = 136941 + -24404. Suppose w = 8*b + 15113. Is b prime?
False
Suppose 5*t - i + 1 = 11, -2*t = 3*i - 21. Suppose u - t*v - 11 = -2*v, 0 = 5*u + 3*v - 63. Suppose 4196 = 16*s - u*s. Is s prime?
True
Suppose 2 = 4*f - 6. Let y be 133/(-14)*(f + 0). Is (-298 + y)*1*-1 composite?
False
Let a(v) = -259153*v**3 - v**2 + 1. Is a(-1) composite?
True
Suppose -4*k - 4*d = 2 + 2, 3*d + 35 = 5*k. Is k + (-7)/((-28)/1156) a prime number?
True
Is (-1)/(-9) + 2190384/162 a composite number?
True
Suppose 4*d - 1073687 = 1485941. Is d a prime number?
True
Let q = -18 + 19. Let u be 2152 + (-1 - q)*3/6. Suppose -u = -4*l + 1717. Is l a composite number?
False
Suppose 1 = -2*i - 3, -4*o = 2*i - 821924. Suppose -67974 + o = 12*g. Is g a prime number?
False
Let c be (-1)/(3/((-441)/3)). Let a = c - 45. Suppose -m = 2*d - 43, 0*d + 75 = 5*d - a*m. Is d composite?
False
Suppose -5*r + 617415 = 5*x, 0 = -27*r + 26*r - 2*x + 123483. Is r a prime number?
False
Let u be -366*10/(-90)*(-75)/(-2). Let n = u - -34. Is n a composite number?
False
Let p(j) = -21035*j - 367. Is p(-4) a composite number?
False
Is (4825444/(-6))/13*(-15)/10 a prime number?
False
Let l be (-28)/(10 - 3) - (-246)/2. Suppose 23555 = -112*d + l*d. Is d a composite number?
True
Let d(k) = -k**2 - k - 9. Let z be d(-3). Let g be (-2)/z - (-5876)/30. Let x = g + 123. Is x composite?
True
Suppose 2*k = -8, -4*k + 4 = -4*x - 4. Let p be 4/x - (18634/6)/(-7). Let c = p + 186. Is c composite?
True
Let s be 6/24 + (-582)/(-8). Let f(u) = 0 - s*u + 6*u + 19 - 1. Is f(-13) composite?
True
Suppose -m - 14*n + 15*n + 4 = 0, -2*m = -5*n + 7. Suppose -1929 = -m*l + 708. Is l composite?
False
Suppose 5*r = 0, r = -3*u + 236928 - 17691. Is u a composite number?
False
Let g(l) = -5 - 47 - 1 - 26 + 672*l. Is g(12) composite?
True
Let n(x) = -x**2 + x + 743. Let f(s) = 2*s**3 + s**2. Let g be f(1). Suppose -2*o + g*o + 5*o = 0. Is n(o) prime?
True
Let l = 79426 - 55763. Is l composite?
False
Suppose -1963*f + 1979*f - 2650448 = 0. Is f composite?
False
Let y be (-1 + -1 - 2/(-2))*20. Let s = 12 + y. Is s + 4 + 0 - (0 - 1091) a prime number?
True
Let u = -64 - -174. Let p = u + -61. Suppose 4*w - 3*n = p, -5*w - 2*n = -0*w - 67. Is w a prime number?
True
Let k(n) = -13*n - 91. Let j be k(-7). Suppose 7*w - 14329 = -j*w. Is w a composite number?
True
Let w = 18 - 13. Suppose -w*s - 23 = 17. Is (-1439 - -1)*4/s a composite number?
False
Suppose -5*z - 663 = -6*z. Let k = 398 + z. Is k a prime number?
True
Let l(z) = 8846*z - 1551. Is l(20) a prime number?
False
Suppose -22*u + 464 = -328. Is (0 + 37397*2)*18/u prime?
True
Let s = 779 - 521. Let k = -25 - s. Let o = k + 486. Is o prime?
False
Let o(d) = 578*d**2 + 5. Suppose u = 2*s + 12, 4*u - 4*s - 26 = u. Is o(u) a composite number?
True
Suppose -106*l = 129*l - 30*l - 27560405. Is l prime?
False
Let o(y) = y**3 + 98*y**2 - 4*y - 121. Is o(-92) composite?
False
Let c be (-19)/(-7) + (-6 - 264/(-42)). Suppose -2*d = -5*n + 14, -3*n + d + c + 5 = 0. Suppose -n*a - 396 = -2*q + 428, 0 = -3*a - 15. Is q a composite number?
True
Suppose -4*p - 59 = -3*j - 17, 0 = -2*p + 2*j - 20. Let c(x) = -x - 12. Let q be c(p). Let s(h) = 4*h**2 + h + 737. Is s(q) composite?
True
Suppose 20*c = 36*c + 3664. Is c*(7 - 6)*-29 a prime number?
False
Let o(z) = 2*z**3 - 6*z**2 - 3*z - 8. Suppose 3*y - 77 = -32. Is o(y) a prime number?
True
Let v = 584 - 318. Suppose 3*s - v = -2*n + 7*n, 5*s - 426 = 4*n. Is s prime?
False
Let c(r) = 1228*r + 12. Let k = 64 - 58. Let b be c(k). Suppose 0 = -4*j + 8, b = 4*m - 2*j - 2*j. Is m a composite number?
False
Suppose 0 = -5*s + 4396 + 5424. Suppose -3232 = -4*o + 4*j, -1276 = -4*o - 4*j + s. Is o a composite number?
False
Suppose -119 = -x - 120, 5*o = x + 108506. Is o composite?
False
Suppose -5*w = 15, 8*i + w = 6*i + 245. Let q = -126 + i. Is (-8)/(-16) - 5857/q a prime number?
False
Suppose -h = -5*p + 169, -2*p + 9 = 5*h - 37. Suppose -p*t = -28*t - 50. Let s(r) = -r**3 + 25*r**2 - 8*r - 21. Is s(t) prime?
True
Let a = 1531908 - 870211. Is a a prime number?
True
Suppose 2*m = m + 3*w + 26575, 4*w = 5*m - 132875. Let g = -15522 + m. Is g a prime number?
False
Suppose l = 28 + 5. Let o(t) = 0*t + 38*t**2 - l*t**2 + 4 + 3*t + 13*t**3. Is o(3) a composite number?
False
Let y(o) = 5314*o - 2697*o - 2723*o + 79. Suppose 4*u - 8*u - 5*c = 67, 3*u = -2*c - 52. Is y(u) composite?
False
Suppose -5*x = g - 27, 4*g - 6*g + 19 = 3*x. Suppose -h - 3*i - 12 = g, -4*h = 4*i + 16. Is 3*h - (-1629